 - -80. Suppose -15*f - 710 - 625 = 0. Let k = f + z. What are the prime factors of k?
2, 3, 11
Suppose 75 = -2*v + 3*z - 225, 610 = -4*v + z. Let h = 253 - v. What are the prime factors of h?
2, 7, 29
Let c(t) = 903*t + 538. List the prime factors of c(7).
19
Suppose -1033792 = -5006*r + 4977*r. What are the prime factors of r?
2, 557
Let o(v) = -351*v + 422. Let u(m) = 115*m - 141. Let p(w) = -4*o(w) - 11*u(w). What are the prime factors of p(10)?
7, 179
Suppose -2*p = 2*k + 15 - 3, 4*k = -5*p - 20. List the prime factors of k/9*39/(-65)*372.
2, 31
Let k be 4 + -1 + (-548)/(-2). Let n = k + -173. Suppose 16 = w - n. What are the prime factors of w?
2, 3, 5
Let n(u) = 16*u**2. Suppose -3*b + 20 = 4*k, 5*k = 3*b - 3 + 1. Let h be n(b). What are the prime factors of (10/(-15) + 1)*(-1 + h)?
5, 17
Let n(j) = 5*j + 69. Let t(r) = -15*r - 207. Let a(p) = 7*n(p) + 2*t(p). Let f be a(7). Suppose 108*k - f*k = 152. List the prime factors of k.
2, 19
Let c(k) be the first derivative of k**3 - 25*k**2/2 - 19*k - 33. List the prime factors of c(12).
113
Let d = 306766 - 213754. What are the prime factors of d?
2, 3, 23, 337
Suppose -133 = -5*a + 2*a - 4*n, -n = -5*a + 237. List the prime factors of (-28)/9 + 3/27 + a.
2, 11
Suppose -169289 - 11447 = -16*q + 242352. List the prime factors of q.
31, 853
Suppose 2800 = -362*a + 352*a. Let f = a - -317. What are the prime factors of f?
37
Let c(y) = -21*y**3 + 3*y**2 - 5*y + 5. Let q be c(2). Let s = q + 234. List the prime factors of s.
73
Suppose -28 = -4*f + 8*f. Let q(z) = 6*z**2 + 11*z + 23. Let i(c) = -13*c**2 - 22*c - 46. Let m(n) = 4*i(n) + 9*q(n). List the prime factors of m(f).
2, 11
Let r(j) = -3*j**2 + 35*j - 6. Let k be 4/8 - (-21)/2. Let x be r(k). What are the prime factors of 17/((x/4)/8)?
2, 17
Let i(o) = -7*o + 543 + 3*o**2 - 3*o + 87*o**3 - 526. List the prime factors of i(2).
3, 5, 47
Let s(d) = 263*d + 86. Let t(w) = -25*w + 203. Let o be t(8). List the prime factors of s(o).
5, 7
Let q be (-2 - 4/(-2))/1. Suppose 0 = 3*f - 2*u - 6 - 21, -f = 5*u - 9. Suppose q = 4*y - f*y + 10. What are the prime factors of y?
2
Let f(y) = 2*y**3 - y**2 - y. Let t(v) = 3*v**3 + 10*v**2 - 2*v - 29. Let a(n) = -5*f(n) - t(n). What are the prime factors of a(-4)?
3, 251
Let x be -3 + (-6)/2 + 6. Suppose x = -2*k - 6*k - 96. What are the prime factors of (k/(-1))/(21/112)?
2
Suppose 0 = -2*z + 5*z - 15. Suppose 3*m - 1751 + 299 = -z*x, m + 1 = 0. What are the prime factors of x?
3, 97
Let x be 4/22 - 5952/(-176). Suppose 3*f = 4*q + 259, q + x + 31 = f. Let u = 182 + q. List the prime factors of u.
2, 59
Let h be 0 - -1 - (-186)/(-4 + 7). Let y = -60 + h. Let w(p) = p**3 - 2*p**2 - p + 4. What are the prime factors of w(y)?
2, 5
Let w(b) = -23 + 15 - 30 - 26 - 11*b + 39*b**2 - 30. List the prime factors of w(-6).
2, 43
Let t(f) = -f**3 + f**2 + f. Let q be t(-3). Let n = q + -24. Let j = n - -71. List the prime factors of j.
2, 5
List the prime factors of -10 - 6*191775/(-50).
23003
Let l = -34285 + 61289. What are the prime factors of l?
2, 43, 157
Suppose -2*t = 2*p + 47079 - 149091, -357026 = -7*p - 5*t. What are the prime factors of p?
2, 43, 593
Let h = 15663 - 9125. What are the prime factors of h?
2, 7, 467
Suppose 2*c = 473 - 1399. Let k = -88 - c. What are the prime factors of k?
3, 5
Suppose 0 = -2701*i + 2704*i. Suppose i = 18*k - 16*k - 772. What are the prime factors of k?
2, 193
Let q(g) = -g**2 - 13*g - 22. Suppose 0 = 4*i + 14 + 30. Let k be q(i). Suppose k*r - 2*r + 155 = -3*s, 125 = 2*r + 3*s. What are the prime factors of r?
2, 5, 7
Let f(a) = -a**2 - 8*a - 2. Let g be f(-8). Let h be (-7 - (0 + -5)) + 24/g. List the prime factors of -2 + (-1)/(-2) + (-819)/h.
3, 19
Let t be 206/13 + -3 + (-287)/(-91). Let c = 14 - t. What are the prime factors of 38 - (3/c)/(2/(-4))?
5, 7
Suppose -5*c + 5*x = -29825, 0 = 2*c + 5*x - 12075 + 180. Suppose 2916 - 7685 = -4*d + 3*y, -4*y - c = -5*d. What are the prime factors of d?
2, 13, 23
Suppose 33 + 51 = 28*t. Let w(x) = -2*x**3 - 6*x**2 - 7*x - 9. Let s be w(-6). Suppose -3*f + 188 = -0*f + r, 4*f = -t*r + s. List the prime factors of f.
3, 7
Let y = -8489 - -11710. List the prime factors of y.
3221
Let t be (52/8)/(5/(-10)). Let v(o) = 38 - 13*o**2 + 15*o**2 - 6 + 13*o. List the prime factors of v(t).
3, 67
Let t be -2 - (3 - (5 + -2 - 1)). Let z(b) = -48*b - 28. What are the prime factors of z(t)?
2, 29
Suppose 0 = -5*j - 0*j + 25, -4*z - 23 = 5*j. Let v be 15*((-8)/(-45) - z/54). Let a(p) = p**3 - 2*p**2 + 6*p - 4. List the prime factors of a(v).
2, 11
Let s be (-3)/(-9) + (-4)/((-60)/10435). Suppose 0 = 4*y - k - s, -2*k + 163 = y - 5*k. List the prime factors of y.
5, 7
Suppose 5*h = 75 - 65. Let b(l) = 13*l**2 - 8*l**h - 2 - 3 + 3*l + 4. What are the prime factors of b(-5)?
109
Let w = -54 + 80. Let s be (w - 0)/(-2) + 3. List the prime factors of (184/(-10))/(s/25).
2, 23
Let f(v) = -22*v + 12. Let l be f(9). Suppose -14*w - 19 = -5. What are the prime factors of w - l/(-9)*(-75)/10?
2, 7, 11
Suppose -41*c + 38*c + 4797 = 0. Let l = c - 1005. List the prime factors of l.
2, 3, 11
Let m = 7029 - 3167. List the prime factors of m.
2, 1931
Suppose 10*c - 33113 = 50*c - 308913. List the prime factors of c.
5, 7, 197
Let i = 93144 + -35248. What are the prime factors of i?
2, 7237
Let d = 14 + 16. List the prime factors of (-4383)/(-36) - (d/8 - 3).
11
Suppose 0 = 8*i - 1242 - 158. Let b = -66 + i. What are the prime factors of b?
109
Let b be (4 + -19)*(-288)/(-45). What are the prime factors of 71/(6/b*-2)?
2, 71
Suppose 2*h + 416 = 6*h. Let u be (-9)/(h/(-34) - -3). Suppose -3*g + 0*g + u = 0. What are the prime factors of g?
3, 17
Suppose 9*b - 51233 - 87034 = 0. List the prime factors of b.
3, 569
Let h be 80/(-6)*6/(-4)*2. Suppose -2*n + 3*n + d = -12, -5*n + 5*d - h = 0. Let x(k) = 3*k**2 + 29*k - 8. List the prime factors of x(n).
2
Suppose 3*k + 6*y - y + 20 = 0, -16 = 5*k + 4*y. Suppose 5*x = 4*v + 322, 5*v + 0*v + 15 = k. Suppose -t = -3*t + x. What are the prime factors of t?
31
Let d be ((-418)/55)/((-4)/(-10)). Let p(h) = 3*h + 62. Let g be p(d). Suppose 7*z = g*z + 210. List the prime factors of z.
3, 5, 7
Suppose -3*k + 54*g = 52*g - 16461, -3*k + g = -16467. What are the prime factors of k?
17, 19
Let q be (-117)/(-156) - 4729/(-4). Suppose -4479 = -4*h - q. List the prime factors of h.
2, 103
Let l(p) = p**3 + 15*p**2 - 28*p - 18. Let i(b) = -b**3 - 15*b**2 + 31*b + 19. Let s(c) = -4*i(c) - 5*l(c). Let h = 4 - 20. What are the prime factors of s(h)?
2, 7
Let t(i) = 8*i**2 + 119*i + 19. Let w be t(-15). What are the prime factors of -4 - (-420)/102 - (-50792)/w?
2, 3, 83
Let p(i) be the second derivative of -91*i**3/6 + 33*i**2/2 + 19*i. List the prime factors of p(-10).
23, 41
Let i = -121782 + 172379. What are the prime factors of i?
19, 2663
Suppose 2*z + 61*m - 64*m - 59868 = 0, 0 = -2*z - m + 59852. List the prime factors of z.
2, 3, 29, 43
What are the prime factors of (1743/(-35))/((-99)/28875)?
5, 7, 83
Let l(k) = -563*k + 375. What are the prime factors of l(-17)?
2, 4973
Let h be ((-162)/(-8))/(-8 + 4806/600). Suppose 11*v = 14*v - h. List the prime factors of v.
3, 5
Suppose 4*j - g - 660 = 0, 0 = 2*j - g - 2*g - 320. Let a = j - 156. What are the prime factors of a?
2, 5
What are the prime factors of 3*(-4)/(-6) + (-77 - -6801)?
2, 3, 19, 59
Suppose 72*a - 120*a = -53424. List the prime factors of a.
3, 7, 53
Suppose 3*c - 6 = 0, 3*l + 4*c - 3 = 14. Suppose 29*y - 56433 = -17573. Suppose l*w + 7*w = y. List the prime factors of w.
2, 67
Suppose -112387 = 12*g - 29*g. Suppose -12*n + 1609 = -g. What are the prime factors of n?
5, 137
Suppose -50*x = -51*x + 8. Suppose x*u = 3*u - 25, 5*u = -2*t + 821. List the prime factors of t.
3, 47
Let t = -10223 - -17775. What are the prime factors of t?
2, 59
Suppose -136 + 1082 = 43*m. Suppose 0 = 15*v - m*v + 2534. What are the prime factors of v?
2, 181
Suppose 0 = -3*w + 3*g + 9666, -28*w + g = -32*w + 12903. What are the prime factors of w?
3, 5, 43
Let d(m) = -m**3 + 9*m**2 + 3*m + 13. Let r(p) = -6*p + 3. Suppose 3*a = -3*k, 0 = -k - 4*a + 3. Let j be r(k). List the prime factors of d(j).
2, 5
Suppose -2348190 = -60*d - 8*d + 23*d. List the prime factors of d.
2, 3, 13, 